{"id":3979,"date":"2025-12-04T11:31:15","date_gmt":"2025-12-04T16:31:15","guid":{"rendered":"https:\/\/apps.ant.gov.co\/BARRIDO_PREDIAL\/?page_id=3979"},"modified":"2026-05-07T15:18:40","modified_gmt":"2026-05-07T20:18:40","slug":"documentos-activos-sgd","status":"publish","type":"page","link":"https:\/\/apps.ant.gov.co\/BARRIDO_PREDIAL\/documentos-activos-sgd\/","title":{"rendered":"Documentos activos SGD"},"content":{"rendered":"\n<p class=\"has-text-align-center has-large-font-size\"><strong>Documentos activos SGD<\/strong><\/p>\n\n\n\n<section id=\"a9f3bc\" class=\"section-a9f3bc gutentor-module gutentor-module-tabs gutentor-tabs-layout-horizontal gutentor-tabs-pos-top has-color-bg has-custom-bg\"><div class=\"grid-container\"><div class=\"gutentor-module-tabs-wrap gutentor-tabs-style-fill\" data-id=\"a9f3bc\"><div class=\"gutentor-module-tabs-nav\"><span class=\"gutentor-module-tabs-item gm-tt-a9f3bc gutentor-tabs-nav-active\" tabindex=\"0\"><span class=\"gutentor-module-tabs-title\">GUIAS<\/span><\/span><span class=\"gutentor-module-tabs-item gm-tt-a9f3bc\" tabindex=\"0\"><span class=\"gutentor-module-tabs-title\">INSTRUCTIVOS<\/span><\/span><span class=\"gutentor-module-tabs-item gm-tt-a9f3bc\" tabindex=\"0\"><span class=\"gutentor-module-tabs-title\">PROCEDIMIENTOS<\/span><\/span><\/div><div class=\"gutentor-module-tabs-body\">\n<div class=\"wp-block-gutentor-m7-tab gutentor-module-tabs-content gm-tc-a9f3bc gutentor-tabs-content-active\">\n<div id=\"section-g0d8d53\" class=\"wp-block-gutentor-e2 section-g0d8d53 gutentor-element gutentor-element-button\"><span class=\"gutentor-button-wrap\"><a class=\"gutentor-button gutentor-block-button gutentor-icon-hide\" href=\"https:\/\/agenciadetierras.sharepoint.com\/sites\/antintranet\/sistema-integrado-de-gestion\/procesos-misionales\/Gua%20%20Planificacin%20del%20Ordenamiento%20Social%20de%20la%20Pr\/POSPR-G-001%20RUTAS%20MISIONALES%20DE%20LA%20AGENCIA%20NACIONAL%20DE%20TIERRAS%20V2.pdf\" target=\"_blank\" rel=\"https:\/\/agenciadetierras.sharepoint.com\/sites\/antintranet\/sistema-integrado-de-gestion\/procesos-misionales\/Formas%20%20Planificacin%20del%20Ordenamiento%20Social%20de%20la\/POSPR-F-035%20INSTRUMENTO%20DE%20CARACTERIZACION%20AGROPRODUCTIVA%20.docx?d=w8b62aada201b4e47a90ed2e5d291395c noopener noreferrer\"><i class=\"gutentor-button-icon fas fa-book\"><\/i><span>POSPR\u2013G-001- GU\u00cdA DE RUTAS MISIONALES DE LA AGENCIA NACIONAL DE TIERRAS<\/span><\/a><\/span><\/div>\n\n\n\n<hr class=\"wp-block-separator has-alpha-channel-opacity\"\/>\n\n\n\n<div id=\"section-ga5344d\" class=\"wp-block-gutentor-e2 section-ga5344d gutentor-element gutentor-element-button\"><span class=\"gutentor-button-wrap\"><a class=\"gutentor-button gutentor-block-button gutentor-icon-hide\" href=\"https:\/\/agenciadetierras.sharepoint.com\/sites\/antintranet\/sistema-integrado-de-gestion\/procesos-misionales\/Gua%20%20Planificacin%20del%20Ordenamiento%20Social%20de%20la%20Pr\/POSPR-G-018%20DETERMINANTES%20OSPR%20RESTRICCIONES%20Y%20CONDICIONANTES.pdf\" target=\"_blank\" rel=\"https:\/\/agenciadetierras.sharepoint.com\/sites\/antintranet\/sistema-integrado-de-gestion\/procesos-misionales\/Formas%20%20Planificacin%20del%20Ordenamiento%20Social%20de%20la\/POSPR-F-035%20INSTRUMENTO%20DE%20CARACTERIZACION%20AGROPRODUCTIVA%20.docx?d=w8b62aada201b4e47a90ed2e5d291395c noopener noreferrer\"><i class=\"gutentor-button-icon fas fa-book\"><\/i><span>POSPR-G-018 DETERMINANTES OSPR RESTRICCIONES Y CONDICIONANTES<\/span><\/a><\/span><\/div>\n\n\n\n<hr class=\"wp-block-separator has-alpha-channel-opacity\"\/>\n\n\n\n<div id=\"section-g541801\" class=\"wp-block-gutentor-e2 section-g541801 gutentor-element gutentor-element-button\"><span class=\"gutentor-button-wrap\"><a class=\"gutentor-button gutentor-block-button gutentor-icon-hide\" href=\"https:\/\/apps.ant.gov.co\/BARRIDO_PREDIAL\/wp-content\/uploads\/POSPR-G-001-RUTAS-MISIONALES-DE-LA-AGENCIA-NACIONAL-DE-TIERRAS-V2-1.pdf\" target=\"_blank\" rel=\"https:\/\/agenciadetierras.sharepoint.com\/sites\/antintranet\/sistema-integrado-de-gestion\/procesos-misionales\/Formas%20%20Planificacin%20del%20Ordenamiento%20Social%20de%20la\/POSPR-F-035%20INSTRUMENTO%20DE%20CARACTERIZACION%20AGROPRODUCTIVA%20.docx?d=w8b62aada201b4e47a90ed2e5d291395c noopener noreferrer\"><i class=\"gutentor-button-icon fas fa-book\"><\/i><span>POSPR\u2013G-001- GU\u00cdA DE RUTAS MISIONALES DE LA AGENCIA NACIONAL DE TIERRAS<\/span><\/a><\/span><\/div>\n\n\n\n<hr class=\"wp-block-separator has-alpha-channel-opacity\"\/>\n\n\n\n<div id=\"section-g027e77\" class=\"wp-block-gutentor-e2 section-g027e77 gutentor-element gutentor-element-button\"><span class=\"gutentor-button-wrap\"><a class=\"gutentor-button gutentor-block-button gutentor-icon-hide\" href=\"https:\/\/agenciadetierras.sharepoint.com\/sites\/antintranet\/sistema-integrado-de-gestion\/procesos-misionales\/Instructivo%20%20Planificacin%20del%20Ordenamiento%20Social\/POSPR-I-017%20IDENTIFICACION%20DE%20RIESGOS%20EN%20LA%20IMPLEMENTACION%20DE%20LOS%20POSPR%20V2.pdf\" target=\"_blank\" rel=\"https:\/\/agenciadetierras.sharepoint.com\/sites\/antintranet\/sistema-integrado-de-gestion\/procesos-misionales\/Formas%20%20Planificacin%20del%20Ordenamiento%20Social%20de%20la\/POSPR-F-035%20INSTRUMENTO%20DE%20CARACTERIZACION%20AGROPRODUCTIVA%20.docx?d=w8b62aada201b4e47a90ed2e5d291395c noopener noreferrer\"><i class=\"gutentor-button-icon fas fa-book\"><\/i><span>GU\u00cdA PARA LA INCORPORACI\u00d3N DEL ENFOQUE DIFERENCIAL EN EL MODELO DE ATENCI\u00d3N POR OFERTA<\/span><\/a><\/span><\/div>\n\n\n\n<div id=\"section-g1b069b\" class=\"wp-block-gutentor-e2 section-g1b069b gutentor-element gutentor-element-button\"><span class=\"gutentor-button-wrap\"><a class=\"gutentor-button gutentor-block-button gutentor-icon-hide\" href=\"https:\/\/agenciadetierras.sharepoint.com\/sites\/antintranet\/sistema-integrado-de-gestion\/procesos-misionales\/Gua%20%20Planificacin%20del%20Ordenamiento%20Social%20de%20la%20Pr\/POSPR-G-004-GU%C3%8DA%20PARA%20EL%20MANEJO%20DE%20LA%20CONFLICTIVIDAD%20EN%20LA%20FORMULACI%C3%93N%20E%20IMPLEMENTACI%C3%93N%20DE%20LOS%20POSPR.pdf\" target=\"_blank\" rel=\"https:\/\/agenciadetierras.sharepoint.com\/sites\/antintranet\/sistema-integrado-de-gestion\/procesos-misionales\/Formas%20%20Planificacin%20del%20Ordenamiento%20Social%20de%20la\/POSPR-F-035%20INSTRUMENTO%20DE%20CARACTERIZACION%20AGROPRODUCTIVA%20.docx?d=w8b62aada201b4e47a90ed2e5d291395c noopener noreferrer\"><i class=\"gutentor-button-icon fas fa-book\"><\/i><span>GU\u00cdA PARA EL MANEJO DE LA CONFLICTIVIDAD EN LA FORMULACI\u00d3N E IMPLEMENTACI\u00d3N DE LOS POSPR<\/span><\/a><\/span><\/div>\n\n\n\n<div id=\"section-ge1d39b\" class=\"wp-block-gutentor-e2 section-ge1d39b gutentor-element gutentor-element-button\"><span class=\"gutentor-button-wrap\"><a class=\"gutentor-button gutentor-block-button gutentor-icon-hide\" href=\"https:\/\/agenciadetierras.sharepoint.com\/sites\/antintranet\/sistema-integrado-de-gestion\/procesos-misionales\/Gua%20%20Planificacin%20del%20Ordenamiento%20Social%20de%20la%20Pr\/POSPR-G-005-%20PARTICIPACI%C3%93N%20EN%20LA%20RUTA%20DE%20FORMULACI%C3%93N%20E%20IMPLEMENTACI%C3%93N%20DE%20POSPR.pdf\" target=\"_blank\" rel=\"https:\/\/agenciadetierras.sharepoint.com\/sites\/antintranet\/sistema-integrado-de-gestion\/procesos-misionales\/Formas%20%20Planificacin%20del%20Ordenamiento%20Social%20de%20la\/POSPR-F-035%20INSTRUMENTO%20DE%20CARACTERIZACION%20AGROPRODUCTIVA%20.docx?d=w8b62aada201b4e47a90ed2e5d291395c noopener noreferrer\"><i class=\"gutentor-button-icon fas fa-book\"><\/i><span>GU\u00cdA PARA LA PARTICIPACI\u00d3N EN LA RUTA DE FORMULACI\u00d3N E IMPLEMENTACI\u00d3N DE POSPR<\/span><\/a><\/span><\/div>\n\n\n\n<hr class=\"wp-block-separator has-alpha-channel-opacity\"\/>\n\n\n\n<div id=\"section-gddf0bc\" class=\"wp-block-gutentor-e2 section-gddf0bc gutentor-element gutentor-element-button\"><span class=\"gutentor-button-wrap\"><a class=\"gutentor-button gutentor-block-button gutentor-icon-hide\" href=\"https:\/\/agenciadetierras.sharepoint.com\/sites\/antintranet\/sistema-integrado-de-gestion\/procesos-misionales\/Gua%20%20Planificacin%20del%20Ordenamiento%20Social%20de%20la%20Pr\/POSPR-G-014%20SEGUIMIENTO%20Y%20MONITOREO%20A%20CONDICIONES%20DE%20SEGURIDAD%20MODELO%20OFERTA%20ANT%20V3.pdf\" target=\"_blank\" rel=\"https:\/\/agenciadetierras.sharepoint.com\/sites\/antintranet\/sistema-integrado-de-gestion\/procesos-misionales\/Formas%20%20Planificacin%20del%20Ordenamiento%20Social%20de%20la\/POSPR-F-035%20INSTRUMENTO%20DE%20CARACTERIZACION%20AGROPRODUCTIVA%20.docx?d=w8b62aada201b4e47a90ed2e5d291395c noopener noreferrer\"><i class=\"gutentor-button-icon fas fa-book\"><\/i><span>GUIA POSPR- G-014 SEGUIMIENTO Y MONITOREO A CONDICIONES DE SEGURIDAD MODELO OFERTA<\/span><\/a><\/span><\/div>\n<\/div>\n\n\n\n<div class=\"wp-block-gutentor-m7-tab gutentor-module-tabs-content gm-tc-a9f3bc\">\n<div id=\"section-g65cd1b\" class=\"wp-block-gutentor-e2 section-g65cd1b gutentor-element gutentor-element-button\"><span class=\"gutentor-button-wrap\"><a class=\"gutentor-button gutentor-block-button gutentor-icon-hide\" href=\"https:\/\/agenciadetierras.sharepoint.com\/sites\/antintranet\/sistema-integrado-de-gestion\/procesos-apoyo\/Instructivo%20%20Administracin%20de%20Bienes%20y%20Servicios\/ADMBS-I-002%20INSTRUCTIVO%20DIGITALIZACION%20DE%20DOCUMENTOS%20DE%20ARCHIVO%20V3.pdf\" target=\"_blank\" rel=\"https:\/\/agenciadetierras.sharepoint.com\/sites\/antintranet\/sistema-integrado-de-gestion\/procesos-misionales\/Formas%20%20Planificacin%20del%20Ordenamiento%20Social%20de%20la\/POSPR-F-035%20INSTRUMENTO%20DE%20CARACTERIZACION%20AGROPRODUCTIVA%20.docx?d=w8b62aada201b4e47a90ed2e5d291395c noopener noreferrer\"><i class=\"gutentor-button-icon fas fa-book\"><\/i><span>ADMBS-I-002 INSTRUCTIVO DIGITALIZACION DE DOCUMENTOS DE ARCHIVO V3.pdf<\/span><\/a><\/span><\/div>\n\n\n\n<div id=\"section-g636729\" class=\"wp-block-gutentor-e2 section-g636729 gutentor-element gutentor-element-button\"><span class=\"gutentor-button-wrap\"><a class=\"gutentor-button gutentor-block-button gutentor-icon-hide\" href=\"https:\/\/agenciadetierras.sharepoint.com\/sites\/antintranet\/sistema-integrado-de-gestion\/procesos-apoyo\/Instructivo%20%20Administracin%20de%20Bienes%20y%20Servicios\/ADMBS-I-003%20INSTRUCTIVO%20ORGANIZACION%20DE%20ARCHIVOS%20DE%20GESTION%20V4.pdf\" target=\"_blank\" rel=\"https:\/\/agenciadetierras.sharepoint.com\/sites\/antintranet\/sistema-integrado-de-gestion\/procesos-misionales\/Formas%20%20Planificacin%20del%20Ordenamiento%20Social%20de%20la\/POSPR-F-035%20INSTRUMENTO%20DE%20CARACTERIZACION%20AGROPRODUCTIVA%20.docx?d=w8b62aada201b4e47a90ed2e5d291395c noopener noreferrer\"><i class=\"gutentor-button-icon fas fa-book\"><\/i><span>ADMBS-I-003 INSTRUCTIVO ORGANIZACION DE ARCHIVOS DE GESTION V4.pdf<\/span><\/a><\/span><\/div>\n\n\n\n<hr class=\"wp-block-separator has-alpha-channel-opacity\"\/>\n\n\n\n<div id=\"section-gaf01f2\" class=\"wp-block-gutentor-e2 section-gaf01f2 gutentor-element gutentor-element-button\"><span class=\"gutentor-button-wrap\"><a class=\"gutentor-button gutentor-block-button gutentor-icon-hide\" href=\"https:\/\/agenciadetierras.sharepoint.com\/sites\/antintranet\/sistema-integrado-de-gestion\/procesos-misionales\/Instructivo%20%20Planificacin%20del%20Ordenamiento%20Social\/POSPR-I-019%20ESTRUCTURACION%20DE%20LA%20MATRIZ%20TECNICO-JURIDICA%20(MTJ)%20EN%20EL%20COMPONENTE%20TECNICO.pdf\" target=\"_blank\" rel=\"https:\/\/agenciadetierras.sharepoint.com\/sites\/antintranet\/sistema-integrado-de-gestion\/procesos-misionales\/Formas%20%20Planificacin%20del%20Ordenamiento%20Social%20de%20la\/POSPR-F-035%20INSTRUMENTO%20DE%20CARACTERIZACION%20AGROPRODUCTIVA%20.docx?d=w8b62aada201b4e47a90ed2e5d291395c noopener noreferrer\"><i class=\"gutentor-button-icon fas fa-book\"><\/i><span>ESTRUCTURACION DE LA MATRIZ TECNICO-JURIDICA (MTJ) EN EL COMPONENTE TECNICO<\/span><\/a><\/span><\/div>\n\n\n\n<hr class=\"wp-block-separator has-alpha-channel-opacity\"\/>\n\n\n\n<div id=\"section-gaaa3d6\" class=\"wp-block-gutentor-e2 section-gaaa3d6 gutentor-element gutentor-element-button\"><span class=\"gutentor-button-wrap\"><a class=\"gutentor-button gutentor-block-button gutentor-icon-hide\" href=\"https:\/\/agenciadetierras.sharepoint.com\/sites\/antintranet\/sistema-integrado-de-gestion\/procesos-misionales\/Instructivo%20%20Planificacin%20del%20Ordenamiento%20Social\/POSPR-I-019%20ESTRUCTURACION%20DE%20LA%20MATRIZ%20TECNICO-JURIDICA%20(MTJ)%20EN%20EL%20COMPONENTE%20TECNICO.pdf\" target=\"_blank\" rel=\"https:\/\/agenciadetierras.sharepoint.com\/sites\/antintranet\/sistema-integrado-de-gestion\/procesos-misionales\/Formas%20%20Planificacin%20del%20Ordenamiento%20Social%20de%20la\/POSPR-F-035%20INSTRUMENTO%20DE%20CARACTERIZACION%20AGROPRODUCTIVA%20.docx?d=w8b62aada201b4e47a90ed2e5d291395c noopener noreferrer\"><i class=\"gutentor-button-icon fas fa-book\"><\/i><span>IDENTIFICACI\u00d3N DE RIESGOS EN LA IMPLEMENTACI\u00d3N DE LOS PLANES DE ORDENAMIENTO SOCIAL DE LA PROPIEDAD RURAL &#8211; OSPR<\/span><\/a><\/span><\/div>\n\n\n\n<div id=\"section-gfd1433\" class=\"wp-block-gutentor-e2 section-gfd1433 gutentor-element gutentor-element-button\"><span class=\"gutentor-button-wrap\"><a class=\"gutentor-button gutentor-block-button gutentor-icon-hide\" href=\"https:\/\/agenciadetierras.sharepoint.com\/sites\/antintranet\/sistema-integrado-de-gestion\/procesos-misionales\/Instructivo%20%20Planificacin%20del%20Ordenamiento%20Social\/POSPR-I-019%20ESTRUCTURACION%20DE%20LA%20MATRIZ%20TECNICO-JURIDICA%20(MTJ)%20EN%20EL%20COMPONENTE%20TECNICO.pdf\" target=\"_blank\" rel=\"https:\/\/agenciadetierras.sharepoint.com\/sites\/antintranet\/sistema-integrado-de-gestion\/procesos-misionales\/Formas%20%20Planificacin%20del%20Ordenamiento%20Social%20de%20la\/POSPR-F-035%20INSTRUMENTO%20DE%20CARACTERIZACION%20AGROPRODUCTIVA%20.docx?d=w8b62aada201b4e47a90ed2e5d291395c noopener noreferrer\"><i class=\"gutentor-button-icon fas fa-book\"><\/i><span>IDENTIFICACI\u00d3N, CARACTERIZACI\u00d3N Y MAPEO DE ACTORES EN EL MARCO DE LA FORMULACI\u00d3N DE LOS POSPR &#8211; OPERATIVO<\/span><\/a><\/span><\/div>\n\n\n\n<hr class=\"wp-block-separator has-alpha-channel-opacity\"\/>\n\n\n\n<div id=\"section-g1bb7e4\" class=\"wp-block-gutentor-e2 section-g1bb7e4 gutentor-element gutentor-element-button\"><span class=\"gutentor-button-wrap\"><a class=\"gutentor-button gutentor-block-button gutentor-icon-hide\" href=\"https:\/\/agenciadetierras.sharepoint.com\/sites\/antintranet\/sistema-integrado-de-gestion\/procesos-misionales\/Instructivo%20%20Planificacin%20del%20Ordenamiento%20Social\/POSPR-I-019%20ESTRUCTURACION%20DE%20LA%20MATRIZ%20TECNICO-JURIDICA%20(MTJ)%20EN%20EL%20COMPONENTE%20TECNICO.pdf\" target=\"_blank\" rel=\"https:\/\/agenciadetierras.sharepoint.com\/sites\/antintranet\/sistema-integrado-de-gestion\/procesos-misionales\/Formas%20%20Planificacin%20del%20Ordenamiento%20Social%20de%20la\/POSPR-F-035%20INSTRUMENTO%20DE%20CARACTERIZACION%20AGROPRODUCTIVA%20.docx?d=w8b62aada201b4e47a90ed2e5d291395c noopener noreferrer\"><i class=\"gutentor-button-icon fas fa-book\"><\/i><span>GINFO-I-013 Realizaci\u00f3n de los levantamientos topogr\u00e1ficos por m\u00e9todo indirecto. Casos puntuales<\/span><\/a><\/span><\/div>\n\n\n\n<div id=\"section-g0816cc\" class=\"wp-block-gutentor-e2 section-g0816cc gutentor-element gutentor-element-button\"><span class=\"gutentor-button-wrap\"><a class=\"gutentor-button gutentor-block-button gutentor-icon-hide\" href=\"https:\/\/agenciadetierras.sharepoint.com\/sites\/antintranet\/sistema-integrado-de-gestion\/procesos-misionales\/Instructivo%20%20Gestin%20de%20la%20Informacin\/GINFO-I-006%20LEVANTAMIENTOS%20PLANIMETRICOS%20PREDIALES%20METODOS%20DIRECTOS%20V5.pdf\" target=\"_blank\" rel=\"https:\/\/agenciadetierras.sharepoint.com\/sites\/antintranet\/sistema-integrado-de-gestion\/procesos-misionales\/Formas%20%20Planificacin%20del%20Ordenamiento%20Social%20de%20la\/POSPR-F-035%20INSTRUMENTO%20DE%20CARACTERIZACION%20AGROPRODUCTIVA%20.docx?d=w8b62aada201b4e47a90ed2e5d291395c noopener noreferrer\"><i class=\"gutentor-button-icon fas fa-book\"><\/i><span>GINFO-I-006 Levantamientos planim\u00e9tricos prediales m\u00e9todos directos<\/span><\/a><\/span><\/div>\n<\/div>\n\n\n\n<div class=\"wp-block-gutentor-m7-tab gutentor-module-tabs-content gm-tc-a9f3bc\">\n<p class=\"has-black-color has-text-color\">FORMATO OFICIAL<\/p>\n\n\n\n<div id=\"section-geb8ab2\" class=\"wp-block-gutentor-e2 section-geb8ab2 gutentor-element gutentor-element-button\"><span class=\"gutentor-button-wrap\"><a class=\"gutentor-button gutentor-block-button gutentor-icon-hide\" href=\"https:\/\/agenciadetierras.sharepoint.com\/:w:\/r\/sites\/antintranet\/sistema-integrado-de-gestion\/procesos-misionales\/Formas%20%20Seguridad%20Jurdica%20Sobre%20la%20Titularidad%20de\/SEJUT-F-008%20DECLARACIONES%20TESTIGOS%20TESTIMONIO%20POSESI%C3%93N.docx?d=w24cd49ea048f467db49f969bb914de72u0026csf=1u0026web=1\" target=\"_blank\" rel=\"noopener noreferrer\"><i class=\"gutentor-button-icon fas fa-book\"><\/i><span>SEJUT-F-008- DECLARACIONES TESTIGOS TESTIMONIO POSESI\u00d3N<\/span><\/a><\/span><\/div>\n\n\n\n<div id=\"section-ge9c10b\" class=\"wp-block-gutentor-e2 section-ge9c10b gutentor-element gutentor-element-button\"><span class=\"gutentor-button-wrap\"><a class=\"gutentor-button gutentor-block-button gutentor-icon-hide\" href=\"https:\/\/agenciadetierras.sharepoint.com\/:x:\/r\/sites\/antintranet\/sistema-integrado-de-gestion\/procesos-misionales\/_layouts\/15\/Doc.aspx?sourcedoc=%7BDFBBFB95-1802-4B80-BF11-CD58E3A7698E%7Du0026file=ACCTI-F-030-Forma%20SOLICITUD%20ADJUDICACI%C3%93N%20DE%20BALD%C3%8DOS%20A%20ENTIDADES%20DE%20DERECHO%20P%C3%9ABLICO.xlsxu0026action=defaultu0026mobileredirect=true\" target=\"_blank\" rel=\"noopener noreferrer\"><i class=\"gutentor-button-icon fas fa-book\"><\/i><span>ACCTI-F-030-FORMA SOLICITUD ADJUDICACI\u00d3N DE BALD\u00cdOS A ENTIDADES DE DERECHO P\u00daBLICO<\/span><\/a><\/span><\/div>\n\n\n\n<div id=\"section-gbe3658\" class=\"wp-block-gutentor-e2 section-gbe3658 gutentor-element gutentor-element-button\"><span class=\"gutentor-button-wrap\"><a class=\"gutentor-button gutentor-block-button gutentor-icon-hide\" href=\"https:\/\/agenciadetierras.sharepoint.com\/:w:\/r\/sites\/antintranet\/sistema-integrado-de-gestion\/procesos-misionales\/Formas%20%20Seguridad%20Jurdica%20Sobre%20la%20Titularidad%20de\/SEJUT-F-005%20DESISTIMIENTO.docx?d=wd43db6b56ec24bc4a88cdcce0bd27da5u0026csf=1u0026web=1\" target=\"_blank\" rel=\"noopener noreferrer\"><i class=\"gutentor-button-icon fas fa-book\"><\/i><span>SEJUT-F-005-DESISTIMIENTO<\/span><\/a><\/span><\/div>\n\n\n\n<div id=\"section-g100075\" class=\"wp-block-gutentor-e2 section-g100075 gutentor-element gutentor-element-button\"><span class=\"gutentor-button-wrap\"><a class=\"gutentor-button gutentor-block-button gutentor-icon-hide\" href=\"https:\/\/agenciadetierras.sharepoint.com\/:w:\/r\/sites\/antintranet\/sistema-integrado-de-gestion\/procesos-misionales\/_layouts\/15\/Doc.aspx?sourcedoc=%7B5B9AF8D9-1E90-4852-8354-C328EE64DEF0%7Du0026file=POSPR-F-040%20ACTA%20DE%20COMRPOMISO%20SUSTITUCION%20DE%20CULTIVOS%20ILICITOS%20POSPR.docxu0026action=defaultu0026mobileredirect=true\" target=\"_blank\" rel=\"noopener noreferrer\"><i class=\"gutentor-button-icon fas fa-book\"><\/i><span>POSPR-F-040 ACTA DE COMRPOMISO SUSTITUCION DE CULTIVOS ILICITOS POSPR<\/span><\/a><\/span><\/div>\n<\/div>\n<\/div><\/div><\/div><\/section>\n\n\n\n<hr class=\"wp-block-separator has-alpha-channel-opacity\"\/>\n","protected":false},"excerpt":{"rendered":"<p>Documentos activos SGD<\/p>\n","protected":false},"author":6,"featured_media":0,"parent":0,"menu_order":0,"comment_status":"closed","ping_status":"closed","template":"","meta":{"om_disable_all_campaigns":false,"_monsterinsights_skip_tracking":false,"_monsterinsights_sitenote_active":false,"_monsterinsights_sitenote_note":"","_monsterinsights_sitenote_category":0,"site-sidebar-layout":"default","site-content-layout":"","ast-site-content-layout":"default","site-content-style":"default","site-sidebar-style":"default","ast-global-header-display":"","ast-banner-title-visibility":"","ast-main-header-display":"","ast-hfb-above-header-display":"","ast-hfb-below-header-display":"","ast-hfb-mobile-header-display":"","site-post-title":"disabled","ast-breadcrumbs-content":"","ast-featured-img":"","footer-sml-layout":"","theme-transparent-header-meta":"","adv-header-id-meta":"","stick-header-meta":"","header-above-stick-meta":"","header-main-stick-meta":"","header-below-stick-meta":"","astra-migrate-meta-layouts":"default","ast-page-background-enabled":"default","ast-page-background-meta":{"desktop":{"background-color":"var(--ast-global-color-5)","background-image":"","background-repeat":"repeat","background-position":"center center","background-size":"auto","background-attachment":"scroll","background-type":"","background-media":"","overlay-type":"","overlay-color":"","overlay-opacity":"","overlay-gradient":""},"tablet":{"background-color":"","background-image":"","background-repeat":"repeat","background-position":"center center","background-size":"auto","background-attachment":"scroll","background-type":"","background-media":"","overlay-type":"","overlay-color":"","overlay-opacity":"","overlay-gradient":""},"mobile":{"background-color":"","background-image":"","background-repeat":"repeat","background-position":"center center","background-size":"auto","background-attachment":"scroll","background-type":"","background-media":"","overlay-type":"","overlay-color":"","overlay-opacity":"","overlay-gradient":""}},"ast-content-background-meta":{"desktop":{"background-color":"var(--ast-global-color-4)","background-image":"","background-repeat":"repeat","background-position":"center center","background-size":"auto","background-attachment":"scroll","background-type":"","background-media":"","overlay-type":"","overlay-color":"","overlay-opacity":"","overlay-gradient":""},"tablet":{"background-color":"var(--ast-global-color-4)","background-image":"","background-repeat":"repeat","background-position":"center center","background-size":"auto","background-attachment":"scroll","background-type":"","background-media":"","overlay-type":"","overlay-color":"","overlay-opacity":"","overlay-gradient":""},"mobile":{"background-color":"var(--ast-global-color-4)","background-image":"","background-repeat":"repeat","background-position":"center center","background-size":"auto","background-attachment":"scroll","background-type":"","background-media":"","overlay-type":"","overlay-color":"","overlay-opacity":"","overlay-gradient":""}}},"aioseo_notices":[],"_links":{"self":[{"href":"https:\/\/apps.ant.gov.co\/BARRIDO_PREDIAL\/wp-json\/wp\/v2\/pages\/3979"}],"collection":[{"href":"https:\/\/apps.ant.gov.co\/BARRIDO_PREDIAL\/wp-json\/wp\/v2\/pages"}],"about":[{"href":"https:\/\/apps.ant.gov.co\/BARRIDO_PREDIAL\/wp-json\/wp\/v2\/types\/page"}],"author":[{"embeddable":true,"href":"https:\/\/apps.ant.gov.co\/BARRIDO_PREDIAL\/wp-json\/wp\/v2\/users\/6"}],"replies":[{"embeddable":true,"href":"https:\/\/apps.ant.gov.co\/BARRIDO_PREDIAL\/wp-json\/wp\/v2\/comments?post=3979"}],"version-history":[{"count":14,"href":"https:\/\/apps.ant.gov.co\/BARRIDO_PREDIAL\/wp-json\/wp\/v2\/pages\/3979\/revisions"}],"predecessor-version":[{"id":4211,"href":"https:\/\/apps.ant.gov.co\/BARRIDO_PREDIAL\/wp-json\/wp\/v2\/pages\/3979\/revisions\/4211"}],"wp:attachment":[{"href":"https:\/\/apps.ant.gov.co\/BARRIDO_PREDIAL\/wp-json\/wp\/v2\/media?parent=3979"}],"curies":[{"name":"wp","href":"https:\/\/api.w.org\/{rel}","templated":true}]}}